l a composite number?
False
Let s = -3 - -21. Let h = -3 + s. Is h a composite number?
True
Let s(h) = -h**2 - 21*h - 19. Is s(-11) a composite number?
True
Let y = 8 - 5. Is (89/y)/(1/3) composite?
False
Let g = -56 + 129. Let q = -35 + g. Is q prime?
False
Let y(d) = -2*d - 6. Suppose 6*s = 3*s + 9. Let l be (s - (3 - -10))/1. Is y(l) a prime number?
False
Suppose -2*r + 23 = -25. Let m be 1/5 + r/5. Suppose -3*w + 0*w - 3*v = -123, 0 = 4*w - m*v - 128. Is w composite?
False
Let r(o) = 4*o**2 - 2*o. Let z be r(-2). Let w be (z*-1)/(2/3). Let d = 7 - w. Is d a composite number?
False
Suppose 3*x + x - 3508 = 0. Is x a prime number?
True
Suppose t = -2*m + 2, -m - 4 = -t + 4*t. Is 9*(-16)/(-6) + t a prime number?
False
Suppose -5*u + 67 = -4*u. Is u a composite number?
False
Suppose 5*b - 10 = -0. Suppose h + 840 = 4*p + 2*h, b*h = 3*p - 641. Is p composite?
False
Let b(t) = 144*t**3 + 2*t**2 - 3*t + 2. Is b(1) a prime number?
False
Let u(a) = 333*a - 8. Is u(5) a composite number?
False
Is (1117 + 2)*(-7)/(-21) a prime number?
True
Let u(c) = 47*c - 14*c + 17 - 22*c - 16*c. Is u(-8) prime?
False
Suppose -s = -5 - 0. Suppose s = 4*n - 3. Suppose n*t = -4*y + 44, 3*y + 3*t - 33 = -0*y. Is y composite?
False
Let y = 317 + -220. Is y a prime number?
True
Let y(j) = 4*j**2 - 4*j + 5. Is y(5) prime?
False
Let q(l) = -l**3 + l**2 + l. Let t(n) = 6*n**3 - 9*n**2 - 2*n. Let k(s) = -5*q(s) - t(s). Let o be k(3). Suppose o*a + 3*a = 111. Is a a composite number?
False
Let m(n) = n**2 + 24. Let v be m(0). Let z(f) = 3*f - 2. Let r be z(2). Suppose 4*t = r + v. Is t prime?
True
Let d be (2 - 1 - -2) + -3. Let r(p) = -p**2 + p + 1468. Let z be r(d). Is (-3)/4 + z/16 composite?
True
Let d(k) = 97*k + 7. Let n be d(5). Let j = -313 + n. Is j a prime number?
True
Let m(q) = -q + 1. Let a(h) = 39*h - 6. Let s(j) = a(j) + 5*m(j). Suppose -u + 2 = u. Is s(u) a prime number?
False
Let w(p) = 3*p**3 - 36*p**2 + 26*p + 22. Is w(15) a prime number?
True
Suppose 1418 = 3*t - u, t - 5*u + 1442 = 4*t. Suppose 10*r - 8*r - t = 0. Is r a prime number?
False
Let f(w) = 2 - w**3 + w**3 + w**3 - 2*w**2 - 2*w. Let d be 20/4 - 2 - -2. Is f(d) prime?
True
Let n = 216 + -93. Is n a prime number?
False
Let h = -33 - -28. Is (140/(-16))/h*52 composite?
True
Let k(a) = -a**3 + 10*a**2 - 6*a + 5. Is k(4) a prime number?
False
Let x(n) = n**2 - n + 7. Is x(0) prime?
True
Suppose -f + 85 + 8 = 0. Is f a composite number?
True
Let h = 446 + -109. Is h a composite number?
False
Suppose 31*u = 28*u + 84. Suppose -3*o = -u - 1541. Is o composite?
False
Suppose 7*g + 83 = r + 3*g, 0 = -4*r - 2*g + 260. Is r a prime number?
True
Suppose 4*l + 9 = 7*l. Is (4 - l)*22/2 a prime number?
True
Let k = 2280 + -1541. Is k a composite number?
False
Let i(y) = 1 + 2 - 6*y + 4*y + 3*y. Let o be i(3). Suppose h - 33 - o = 0. Is h composite?
True
Let t be -5*(2 + 3/(-1)). Suppose -1 = b, -t*q + 3*q - b + 91 = 0. Is q a composite number?
True
Let n(b) = 0*b - 4*b + b + 3*b**3 - b - 2 - 4*b**2. Is n(5) a composite number?
True
Is (-5932)/(-5) + 6/10 composite?
False
Let v(o) = o - 3. Let r be v(3). Suppose u + r*u - 89 = 0. Is u prime?
True
Let n(f) be the first derivative of -f**4/4 + 8*f**3/3 + 3*f**2/2 + 7*f + 1. Is n(6) prime?
True
Let a = 306 + 17. Is a a composite number?
True
Let q(s) = 6*s**3 + 2*s**2 - 2*s + 4. Let z(m) = m**3 + 6*m**2 - 2*m - 9. Let c be z(-6). Let k be q(c). Suppose 2*i - k - 16 = 0. Is i a composite number?
False
Suppose -5*p + 18 + 2 = 0. Let l(h) = -6*h**3 + 5*h**2 - 8*h - 7. Let z(r) = -r**3 - r - 1. Let j(n) = -l(n) + 4*z(n). Is j(p) a composite number?
False
Suppose -t + 4*c = 3*c + 80, -2*t = -c + 157. Let o = -42 - t. Is o prime?
False
Let a = -1074 - -2082. Is a/15 - 1/5 a composite number?
False
Is (-1)/(-4) + ((-166705)/20)/(-11) a prime number?
False
Let g(w) = 45*w - 1. Is g(4) a composite number?
False
Let p(n) = n**3 - 7*n**2 + 8*n - 9. Let l be p(6). Suppose -34 - 29 = -l*x. Is x a prime number?
False
Is (-6)/(-2) + 20 - 4 a prime number?
True
Let w be (6/(-5))/((-14)/35). Suppose -429 = -w*s - 162. Is s a composite number?
False
Is (-3 + 4)/(1/287) composite?
True
Suppose -2*h + 2*t + 244 = 0, h + 2*t - 152 = -3*t. Is h composite?
False
Suppose 0*z - 8 = 2*z. Let h(f) = -12*f**3 + 4*f - 3. Is h(z) prime?
False
Suppose -2 - 5 = -o. Is (o/14)/((-2)/(-76)) composite?
False
Suppose 3*b + 3*l = b - 1, 0 = -3*b - l - 5. Let c(z) = -7*z. Is c(b) a prime number?
False
Suppose -2*d + 5*i - 25 = -0*d, -4*d + 3*i - 15 = 0. Suppose 0*v - 99 = -5*k - 4*v, d = 3*k + 3*v - 57. Is k composite?
False
Let i = -14 + 8. Let d(p) = 3*p**2 + 8*p - 2. Is d(i) a composite number?
True
Let j = -10 - -14. Suppose 5*t = -l - 3*l - 10, 4*l + 28 = 4*t. Is 172/8 + t/j a composite number?
True
Let r(p) = -3*p**3 + 3*p**2 - p + 2. Is r(-3) a prime number?
True
Let n(d) = -d + 7. Let l be n(-5). Is l + 41 + 0/1 prime?
True
Suppose 3*g = -2*k - 2, 5*k + 16 = k. Suppose 5*o - 35 = g*i - 0*i, 15 = 4*o + i. Suppose o*z - 45 - 70 = 0. Is z composite?
False
Suppose -4*l - 10 - 22 = 0. Let i = l + 24. Let k = 21 + i. Is k a prime number?
True
Let k(s) = s - 7. Let g = -1 - -10. Let a be k(g). Suppose a*d = 55 + 23. Is d prime?
False
Is 4*(-5)/30 - 25738/(-6) a prime number?
True
Let t(n) = n + 4. Let k(j) = j + 3. Let r be k(-5). Let f be t(r). Is f - 154/(-3 + 1) a prime number?
True
Suppose 3*u + 10 = 25. Suppose -u*a + 0*a = -10. Suppose -87 = -a*v + 19. Is v a prime number?
True
Suppose 0 = -2*a + 11 - 7. Suppose 0*k = -3*k + r + 155, 0 = -a*k + r + 102. Is k a composite number?
False
Let d(n) = 0*n**2 - n**2 + 1 + 1. Let q be d(0). Suppose 0 = -q*u + 10, -2*h + 24 = -3*u - 3. Is h a composite number?
True
Let d = 714 - 380. Is d a composite number?
True
Let b = -6 - -8. Suppose -2*v = -m + 11, 3*m + b*v - 30 = 7*v. Suppose 3*a = m + 28. Is a a composite number?
False
Let u(t) = t + 4. Let s(o) = -o**2 - 4*o - 4. Let z be s(-4). Let w be u(z). Let b(h) = -h**2 - h + 11. Is b(w) a prime number?
True
Let l(x) = x**3 - 2*x**2 - 3*x. Let g be l(3). Suppose 0 = -5*j - g*j + 180. Is j/(-10)*10/(-4) composite?
True
Suppose 5*t - 8103 = -2*v, 0 = -3*t + 4*t + 3*v - 1631. Is t composite?
False
Let b(g) = g + 3. Let c be b(3). Let o(d) = 2*d**2 + 6*d + 7. Is o(c) composite?
True
Let f(h) = 106*h**2 - 9*h + 9. Is f(-7) a prime number?
False
Let z(s) = -s**2 - 35*s - 19. Is z(-18) composite?
True
Suppose 4*z - 5*l - 1532 = 0, 0 = 4*z + 3*l - 1698 + 198. Suppose 4*h - 9*h + 2*n = -z, 0 = n + 4. Is h composite?
True
Suppose -2*c = -c - 557. Is c a prime number?
True
Is (0 + 1)/((-12)/(-34908)) composite?
False
Suppose -202 + 71 = y - 3*z, 4*z = 3*y + 388. Let u = y + 185. Is u a prime number?
False
Suppose -308 = -2*m - 2*b, m = -4*m - b + 782. Is m a prime number?
True
Let a(c) = -c**2. Let x be a(0). Suppose 0 = -u - x*u + 6. Let j = u + -3. Is j a composite number?
False
Let f = -2082 + 3205. Is f a composite number?
False
Let x be -2 + 0 - 26/(-1). Suppose -x = -0*s - 2*s. Let y = s - 6. Is y a composite number?
True
Let d = 1003 + -602. Is d a prime number?
True
Suppose 3*o = 9, 5*a = 3*o + 2*o. Let p = 26 - a. Is p a composite number?
False
Suppose l - 5*x + 3*x - 148 = 0, -x - 3 = 0. Let a = l - -159. Is a a prime number?
False
Is (-1146)/(-8)*-2*44/(-66) a prime number?
True
Suppose -4*l = 3*k - 5*k + 330, -k + 5*l = -171. Is k a prime number?
False
Let d(y) = -y + 10. Let x be d(5). Suppose 5*u + 32 = z, x*z - 3*u - 173 - 9 = 0. Is z a composite number?
False
Suppose 5*j + t - 737 = 443, -4*t = 5*j - 1165. Is j prime?
False
Suppose 0*a - 3*y - 58 = -2*a, y = a - 28. Is a a composite number?
True
Let h be ((-2)/(-4))/((-3)/30). Let b(z) = -2*z**3 - 4*z**2 - 6*z - 1. Is b(h) a prime number?
True
Let j = 1136 - 151. Is j prime?
False
Let m be -533 + (2 - 2) + 4. Is 7/35 - m/5 prime?
False
Let p(q) = q**2 + 11*q - 8. Let v be p(-12). Suppose -v*z - 105 = -9*z. Is z a composite number?
True
Let s(o) = -o**3 - 7*o**2 - 6*o. Let k be s(-6). Suppose -2*y - 4*m + 160 = k, -y = -2*y - 3*m + 83. Is y prime?
False
Suppose 6*c - 699 = -51. Let i = c - -339. Is i composite?
True
Let v(w) = -27*w + 8. Let b(u) = u + 1. Let d = -2 + -3. Let s(q) = d*b(q) - v(q). Is s(9) a prime number?
False
Let s(p) = -4*p**3 